{"id":205,"date":"2019-02-28T22:25:30","date_gmt":"2019-02-28T21:25:30","guid":{"rendered":"http:\/\/bieganski.czest.pl\/lo3_v5\/?page_id=205"},"modified":"2019-03-03T19:22:38","modified_gmt":"2019-03-03T18:22:38","slug":"dyrektor","status":"publish","type":"page","link":"http:\/\/lo3msz.czest.pl\/lo3_v6a\/index.php\/dyrektor\/","title":{"rendered":"Dyrektor"},"content":{"rendered":"<table border=\"0\" cellspacing=\"10\" cellpadding=\"10\" align=\"center\">\n<tbody>\n<tr>\n<td style=\"text-align: center;\"><strong>Dyrektor<\/strong><\/td>\n<td style=\"text-align: center;\"><strong>Wicedyrektor<\/strong><\/td>\n<\/tr>\n<tr>\n<td><strong>dr Jan Randak<\/strong><\/td>\n<td><strong>mgr in\u017c. Izabela \u0141abu\u015b<br \/>\n<\/strong><\/td>\n<\/tr>\n<tr>\n<td align=\"center\" valign=\"middle\"><img loading=\"lazy\" decoding=\"async\" class=\"alignnone size-full wp-image-706\" src=\"http:\/\/bieganski.czest.pl\/lo3_v5\/wp-content\/uploads\/2019\/03\/randak.jpg\" alt=\"\" width=\"200\" height=\"289\" \/><\/td>\n<td align=\"center\" valign=\"middle\"><img loading=\"lazy\" decoding=\"async\" class=\"alignnone size-full wp-image-707\" src=\"http:\/\/bieganski.czest.pl\/lo3_v5\/wp-content\/uploads\/2019\/03\/rog.jpg\" alt=\"\" width=\"200\" height=\"300\" \/><\/td>\n<\/tr>\n<\/tbody>\n<\/table>\n","protected":false},"excerpt":{"rendered":"<p>Dyrektor Wicedyrektor dr Jan Randak mgr in\u017c. Izabela \u0141abu\u015b<\/p>\n","protected":false},"author":1,"featured_media":0,"parent":0,"menu_order":0,"comment_status":"closed","ping_status":"closed","template":"","meta":{"footnotes":"","_links_to":"","_links_to_target":""},"_links":{"self":[{"href":"http:\/\/lo3msz.czest.pl\/lo3_v6a\/index.php\/wp-json\/wp\/v2\/pages\/205"}],"collection":[{"href":"http:\/\/lo3msz.czest.pl\/lo3_v6a\/index.php\/wp-json\/wp\/v2\/pages"}],"about":[{"href":"http:\/\/lo3msz.czest.pl\/lo3_v6a\/index.php\/wp-json\/wp\/v2\/types\/page"}],"author":[{"embeddable":true,"href":"http:\/\/lo3msz.czest.pl\/lo3_v6a\/index.php\/wp-json\/wp\/v2\/users\/1"}],"replies":[{"embeddable":true,"href":"http:\/\/lo3msz.czest.pl\/lo3_v6a\/index.php\/wp-json\/wp\/v2\/comments?post=205"}],"version-history":[{"count":2,"href":"http:\/\/lo3msz.czest.pl\/lo3_v6a\/index.php\/wp-json\/wp\/v2\/pages\/205\/revisions"}],"predecessor-version":[{"id":719,"href":"http:\/\/lo3msz.czest.pl\/lo3_v6a\/index.php\/wp-json\/wp\/v2\/pages\/205\/revisions\/719"}],"wp:attachment":[{"href":"http:\/\/lo3msz.czest.pl\/lo3_v6a\/index.php\/wp-json\/wp\/v2\/media?parent=205"}],"curies":[{"name":"wp","href":"https:\/\/api.w.org\/{rel}","templated":true}]}}