{"id":3527,"date":"2025-03-13T13:13:54","date_gmt":"2025-03-13T12:13:54","guid":{"rendered":"http:\/\/lo3msz.czest.pl\/lo3_v6a\/?page_id=3527"},"modified":"2025-09-18T12:47:56","modified_gmt":"2025-09-18T10:47:56","slug":"deklaracja-dostepnosci-2","status":"publish","type":"page","link":"http:\/\/lo3msz.czest.pl\/lo3_v6a\/index.php\/deklaracja-dostepnosci-2\/","title":{"rendered":"Deklaracja dost\u0119pno\u015bci"},"content":{"rendered":"<p>Zesp\u00f3\u0142 Szk\u00f3\u0142 im. dr. W\u0142adys\u0142awa Biega\u0144skiego w Cz\u0119stochowie zobowi\u0105zuje si\u0119 zapewni\u0107 dost\u0119pno\u015b\u0107 swojej strony internetowej zgodnie z Ustaw\u0105 z dnia 4 kwietnia 2019 roku o dost\u0119pno\u015bci cyfrowej stron internetowych i aplikacji mobilnych podmiot\u00f3w publicznych. O\u015bwiadczenie w sprawie dost\u0119pno\u015bci ma zastosowanie do strony internetowej: <a href=\"http:\/\/www.lo3msz.czest.pl\">www.lo3msz.czest.pl<\/a><\/p>\n<p><strong>Data publikacji i aktualizacji<\/strong><br \/>\nData publikacji strony internetowej: 2019-02-14<br \/>\nData ostatniej istotnej aktualizacji: 2022-03-01<\/p>\n<p>Dokonano przegl\u0105du i aktualizacji deklaracji w dniu: 2025-03-13<\/p>\n<p><strong>Status pod wzgl\u0119dem zgodno\u015bci z ustaw\u0105<\/strong><br \/>\nStrona internetowa naszej plac\u00f3wki jest cz\u0119\u015bciowo zgodna z wytycznymi dla dost\u0119pno\u015bci tre\u015bci internetowych w zakresie dost\u0119pno\u015bci dla os\u00f3b niepe\u0142nosprawnych (za\u0142\u0105cznik do ustawy z dnia 4 kwietnia 2019 r. poz. 848).<br \/>\nZamieszczone na stronie filmy nie posiadaj\u0105 napis\u00f3w dla os\u00f3b g\u0142uchoniemych, niekt\u00f3re tre\u015bci s\u0105 przedstawione w postaci grafiki bez alternatywy w postaci tekstu.<br \/>\nRedaktorzy strony dok\u0142adaj\u0105 stara\u0144, aby informacje zamieszczone na stronie by\u0142y zrozumia\u0142e i formatowane w spos\u00f3b zgodny z zasadami dost\u0119pno\u015bci. Na bie\u017c\u0105co usuwa si\u0119 odnotowywane bariery na stronie internetowej.<\/p>\n<p><strong>Metoda oceny dost\u0119pno\u015bci cyfrowej<\/strong><br \/>\nW Zespole Szk\u00f3\u0142 im. dr. W\u0142adys\u0142awa Biega\u0144skiego w Cz\u0119stochowie przeprowadzono samoocen\u0119 dost\u0119pno\u015bci dla os\u00f3b niepe\u0142nosprawnych cyfrowej strony internetowej w odniesieniu do wytycznych okre\u015blonych w za\u0142\u0105czniku do ustawy z dnia 4 kwietnia 2019 r. oraz skorzystano z dost\u0119pnego narz\u0119dzia do oceny strony: Test \u2013 European Internet Inclusion Initiative (http:\/\/checkers.eiii.eu), z kt\u00f3rego wynika, \u017ce strona internetowa http:\/\/lo3msz.czest.pl spe\u0142nia wymagania w 97,05 %.<\/p>\n<p><strong>Skr\u00f3ty klawiaturowe:<\/strong><br \/>\nNa stronie internetowej mo\u017cna u\u017cywa\u0107 standardowych skr\u00f3t\u00f3w klawiaturowych przegl\u0105darki.<\/p>\n<p><strong>Informacje zwrotne i dane kontaktowe<\/strong><br \/>\nW przypadku problem\u00f3w z dost\u0119pno\u015bci\u0105 strony internetowej prosimy o kontakt z sekretariatem szko\u0142y. Adres poczty elektronicznej: lo3@edukacja.czestochowa.pl.<br \/>\nKontaktowa\u0107 mo\u017cna si\u0119 tak\u017ce dzwoni\u0105c na numer telefonu: 34 361 11 81. T\u0105 sam\u0105 drog\u0105 mo\u017cna sk\u0142ada\u0107 wnioski o udost\u0119pnienie informacji niedost\u0119pnej oraz sk\u0142ada\u0107 \u017c\u0105dania zapewnienia dost\u0119pno\u015bci.<br \/>\nW przypadku pyta\u0144 dotycz\u0105cych dost\u0119pno\u015bci architektonicznej prosimy o kontakt z sekretariatem szko\u0142y dzwoni\u0105c na numer telefonu: 34 361 11 81.<\/p>\n<p><strong>Udogodnienia<\/strong><br \/>\nSerwis jest wyposa\u017cony w mechanizmy u\u0142atwiaj\u0105ce przegl\u0105danie tre\u015bci przez osoby niedowidz\u0105ce nie korzystaj\u0105ce z technologii asystuj\u0105cych: zmiana wielko\u015bci czcionki, odpowiedni kontrast tekstu do t\u0142a, czytnik tekstu.<br \/>\nLinki w zdecydowanej wi\u0119kszo\u015bci otwieraj\u0105 si\u0119 w tym samym oknie, dzi\u0119ki temu u\u017cytkownik ma pe\u0142n\u0105 kontrol\u0119 nad swoj\u0105 przegl\u0105dark\u0105.<br \/>\nRedaktorzy strony dok\u0142adaj\u0105 stara\u0144, aby by\u0142y one zrozumia\u0142e oraz formatowane w spos\u00f3b zgodny z zasadami dost\u0119pno\u015bci.<\/p>\n<p><strong>Informacje na temat procedury<\/strong><br \/>\nKa\u017cdy ma prawo do wyst\u0105pienia z \u017c\u0105daniem zapewnienia dost\u0119pno\u015bci cyfrowej strony internetowej, aplikacji mobilnej lub jakiego\u015b ich elementu. Mo\u017cna tak\u017ce za\u017c\u0105da\u0107 udost\u0119pnienia informacji za pomoc\u0105 alternatywnego sposobu dost\u0119pu, na przyk\u0142ad przez odczytanie niedost\u0119pnego cyfrowo dokumentu, opisanie zawarto\u015bci filmu bez audio deskrypcji itp. \u017b\u0105danie powinno zawiera\u0107 dane osoby zg\u0142aszaj\u0105cej \u017c\u0105danie, wskazanie, o kt\u00f3r\u0105 stron\u0119 internetow\u0105 lub aplikacj\u0119 mobiln\u0105 chodzi oraz spos\u00f3b kontaktu. Je\u017celi osoba \u017c\u0105daj\u0105ca zg\u0142asza potrzeb\u0119 otrzymania informacji za pomoc\u0105 alternatywnego sposobu dost\u0119pu, powinna tak\u017ce okre\u015bli\u0107 dogodny dla niej spos\u00f3b przedstawienia tej informacji. Podmiot publiczny powinien zrealizowa\u0107 \u017c\u0105danie niezw\u0142ocznie, nie p\u00f3\u017aniej ni\u017c w ci\u0105gu 7 dni od dnia wyst\u0105pienia z \u017c\u0105daniem. Je\u017celi dotrzymanie tego terminu nie jest mo\u017cliwe, podmiot publiczny niezw\u0142ocznie informuje o tym wnosz\u0105cego \u017c\u0105danie, kiedy realizacja \u017c\u0105dania b\u0119dzie mo\u017cliwa, przy czym termin ten nie mo\u017ce by\u0107 d\u0142u\u017cszy ni\u017c 2 miesi\u0105ce od dnia wyst\u0105pienia z \u017c\u0105daniem. Je\u017celi zapewnienie dost\u0119pno\u015bci cyfrowej nie jest mo\u017cliwe, podmiot publiczny mo\u017ce zaproponowa\u0107 alternatywny spos\u00f3b dost\u0119pu do informacji. W przypadku, gdy podmiot publiczny odm\u00f3wi realizacji \u017c\u0105dania zapewnienia dost\u0119pno\u015bci lub alternatywnego sposobu dost\u0119pu do informacji, wnosz\u0105cy \u017c\u0105danie mo\u017cne z\u0142o\u017cy\u0107 skarg\u0119 w sprawie zapewniana dost\u0119pno\u015bci cyfrowej strony internetowej, aplikacji mobilnej lub elementu strony internetowej, lub aplikacji mobilnej. Po wyczerpaniu wskazanej wy\u017cej procedury mo\u017cna tak\u017ce z\u0142o\u017cy\u0107 wniosek do Rzecznika Praw Obywatelskich.<br \/>\n\u2022 Strona internetowa Rzecznika Praw Obywatelskich: <a href=\"http:\/\/www.rpo.gov.pl\"> www.rpo.gov.pl<\/a><br \/>\n<strong>Informacje uzupe\u0142niaj\u0105ce:<\/strong><\/p>\n<p><strong>Dane teleadresowe podmiotu publicznego:<\/strong><br \/>\nZesp\u00f3\u0142 Szk\u00f3\u0142 im. dr. W\u0142adys\u0142awa Biega\u0144skiego w Cz\u0119stochowie<br \/>\nul. D\u0105browskiego 75<br \/>\n42-218 Cz\u0119stochowa<br \/>\ntel. 361-11-81 (sekretariat), tel.\/fax. 361-54-05 (ksi\u0119gowo\u015b\u0107)<br \/>\nemail: lo3@edukacja.czestochowa.pl<br \/>\nstrona internetowa: <a href=\"http:\/\/lo3msz.czest.pl\">lo3msz.czest.pl<\/a><\/p>\n<p><strong>Dost\u0119pno\u015b\u0107 architektoniczna<\/strong><br \/>\nDo budynku prowadz\u0105 dwa wej\u015bcia od ul. D\u0105browskiego 75.<br \/>\nNad wej\u015bciem nie ma g\u0142o\u015bnik\u00f3w systemu naprowadzaj\u0105cego d\u017awi\u0119kowo osoby niewidome i s\u0142abowidz\u0105ce.<br \/>\nWej\u015bcie nie jest zabezpieczone bramkami.<br \/>\nDla os\u00f3b z w\u00f3zkiem dost\u0119pny jest tylko parter oraz parter hali sportowej gdzie znajduje si\u0119 \u0142azienka dla os\u00f3b niepe\u0142nosprawnych.<br \/>\nSzko\u0142a nie posiada windy.<br \/>\nSzko\u0142a nie posiada parkingu zewn\u0119trznego i ma wyznaczonych miejsc parkingowych dla os\u00f3b niepe\u0142nosprawnych.<br \/>\nSchody prowadz\u0105ce na I i II pi\u0119tro nie s\u0105 wyposa\u017cone w por\u0119cze.<br \/>\nW szkole nie znajduj\u0105 si\u0119 tyflomapy.<br \/>\nW budynku szko\u0142y nie ma zainstalowanych platform, pochylni, informacji g\u0142osowych czy p\u0119tli indukcyjnych.<br \/>\nW budynku nie ma oznacze\u0144 w alfabecie brajla, ani oznacze\u0144 kontrastowych lub w druku powi\u0119kszonym dla os\u00f3b niewidomych lub s\u0142abowidz\u0105cych.<br \/>\nPomieszczenia w budynku nie s\u0105 oznaczone tabliczkami z wypuk\u0142ymi cyframi<br \/>\ni alfabetem brajla.<br \/>\nNie ma informacji o prawie wst\u0119pu z psem asystuj\u0105cym i ewentualnych uzasadnionych ograniczeniach.<br \/>\nNie ma mo\u017cliwo\u015bci skorzystania z us\u0142ug t\u0142umacza j\u0119zyka migowego na miejscu lub online.<\/p>\n","protected":false},"excerpt":{"rendered":"<p>Zesp\u00f3\u0142 Szk\u00f3\u0142 im. dr. W\u0142adys\u0142awa Biega\u0144skiego w Cz\u0119stochowie zobowi\u0105zuje si\u0119 zapewni\u0107 dost\u0119pno\u015b\u0107 swojej strony internetowej zgodnie z Ustaw\u0105 z dnia 4 kwietnia 2019 roku o dost\u0119pno\u015bci cyfrowej stron internetowych i aplikacji mobilnych podmiot\u00f3w publicznych. O\u015bwiadczenie w sprawie dost\u0119pno\u015bci ma zastosowanie do strony internetowej: www.lo3msz.czest.pl Data publikacji i aktualizacji Data publikacji strony internetowej: 2019-02-14 Data ostatniej [&hellip;]<\/p>\n","protected":false},"author":2,"featured_media":0,"parent":0,"menu_order":0,"comment_status":"closed","ping_status":"closed","template":"","meta":{"footnotes":"","_links_to":"","_links_to_target":""},"_links":{"self":[{"href":"http:\/\/lo3msz.czest.pl\/lo3_v6a\/index.php\/wp-json\/wp\/v2\/pages\/3527"}],"collection":[{"href":"http:\/\/lo3msz.czest.pl\/lo3_v6a\/index.php\/wp-json\/wp\/v2\/pages"}],"about":[{"href":"http:\/\/lo3msz.czest.pl\/lo3_v6a\/index.php\/wp-json\/wp\/v2\/types\/page"}],"author":[{"embeddable":true,"href":"http:\/\/lo3msz.czest.pl\/lo3_v6a\/index.php\/wp-json\/wp\/v2\/users\/2"}],"replies":[{"embeddable":true,"href":"http:\/\/lo3msz.czest.pl\/lo3_v6a\/index.php\/wp-json\/wp\/v2\/comments?post=3527"}],"version-history":[{"count":9,"href":"http:\/\/lo3msz.czest.pl\/lo3_v6a\/index.php\/wp-json\/wp\/v2\/pages\/3527\/revisions"}],"predecessor-version":[{"id":6111,"href":"http:\/\/lo3msz.czest.pl\/lo3_v6a\/index.php\/wp-json\/wp\/v2\/pages\/3527\/revisions\/6111"}],"wp:attachment":[{"href":"http:\/\/lo3msz.czest.pl\/lo3_v6a\/index.php\/wp-json\/wp\/v2\/media?parent=3527"}],"curies":[{"name":"wp","href":"https:\/\/api.w.org\/{rel}","templated":true}]}}