{"id":68,"date":"2026-02-17T09:13:31","date_gmt":"2026-02-17T08:13:31","guid":{"rendered":"http:\/\/bieganski.czest.pl\/lo3_v5\/?page_id=68"},"modified":"2026-02-18T13:54:06","modified_gmt":"2026-02-18T12:54:06","slug":"dane-adresowe","status":"publish","type":"page","link":"http:\/\/lo3msz.czest.pl\/lo3_v6a\/index.php\/dane-adresowe\/","title":{"rendered":"Dane kontaktowe"},"content":{"rendered":"\r\n<p><strong>Zesp\u00f3\u0142 Szk\u00f3\u0142 im. dra W. Biega\u0144skiego<\/strong><\/p>\r\n\r\n\r\n\r\n<p>ul. D\u0105browskiego 75<\/p>\r\n\r\n\r\n\r\n<p>42-218 Cz\u0119stochowa<\/p>\r\n\r\n\r\n\r\n<p>tel. 34 361-11-81 (sekretariat), tel.\/fax. 361-54-05 (ksi\u0119gowo\u015b\u0107)<\/p>\r\n\r\n\r\n\r\n<p>email:\u00a0<a href=\"mailto:lo3@edukacja.czestochowa.pl\">lo3@edukacja.czestochowa.pl<\/a><\/p>\r\n\r\n\r\n\r\n<div class=\"wp-block-spacer\" style=\"height: 36px;\" aria-hidden=\"true\">\u00a0<\/div>\r\n\r\n\r\n\r\n<p>&nbsp;<\/p>\r\n\r\n\r\n\r\n<p><strong>Rada Rodzic\u00f3w przy Zespole Szk\u00f3\u0142 im. dra W\u0142. Biega\u0144skiego w Cz\u0119stochowie<\/strong><\/p>\r\n\r\n\r\n\r\n<p>Bank Ochrony \u015arodowiska SA<\/p>\r\n\r\n\r\n\r\n<p>85154010142101914095330001<\/p>\r\n<p>&nbsp;<\/p>\r\n<p><span style=\"color: #ff0000;\"><strong>Wy\u015blij do nas wiadomo\u015b\u0107<\/strong><\/span><\/p>\r\n<div class=\"wpforms-container wpforms-container-full\" id=\"wpforms-2989\"><form id=\"wpforms-form-2989\" class=\"wpforms-validate wpforms-form\" data-formid=\"2989\" method=\"post\" enctype=\"multipart\/form-data\" action=\"\/lo3_v6a\/index.php\/wp-json\/wp\/v2\/pages\/68\" data-token=\"d579491cf36f7873945260ae323c5af5\" data-token-time=\"1776844350\"><noscript class=\"wpforms-error-noscript\">Aby wype\u0142ni\u0107 ten formularz, w\u0142\u0105cz obs\u0142ug\u0119 JavaScript w przegl\u0105darce.<\/noscript><div class=\"wpforms-field-container\"><div id=\"wpforms-2989-field_1-container\" class=\"wpforms-field wpforms-field-name\" data-field-id=\"1\"><label class=\"wpforms-field-label\" for=\"wpforms-2989-field_1\">Imi\u0119 i nazwisko <span class=\"wpforms-required-label\">*<\/span><\/label><input type=\"text\" id=\"wpforms-2989-field_1\" class=\"wpforms-field-medium wpforms-field-required\" name=\"wpforms[fields][1]\" required><\/div><div id=\"wpforms-2989-field_2-container\" class=\"wpforms-field wpforms-field-email\" data-field-id=\"2\"><label class=\"wpforms-field-label\" for=\"wpforms-2989-field_2\">Adres email <span class=\"wpforms-required-label\">*<\/span><\/label><input type=\"email\" id=\"wpforms-2989-field_2\" class=\"wpforms-field-medium wpforms-field-required\" name=\"wpforms[fields][2]\" spellcheck=\"false\" required><\/div><div id=\"wpforms-2989-field_3-container\" class=\"wpforms-field wpforms-field-text\" data-field-id=\"3\"><label class=\"wpforms-field-label\" for=\"wpforms-2989-field_3\">Tytu\u0142 wiadomo\u015bci <span class=\"wpforms-required-label\">*<\/span><\/label><input type=\"text\" id=\"wpforms-2989-field_3\" class=\"wpforms-field-medium wpforms-field-required\" name=\"wpforms[fields][3]\" required><\/div><div id=\"wpforms-2989-field_4-container\" class=\"wpforms-field wpforms-field-textarea\" data-field-id=\"4\"><label class=\"wpforms-field-label\" for=\"wpforms-2989-field_4\">Tre\u015b\u0107 wiadomo\u015bci <span class=\"wpforms-required-label\">*<\/span><\/label><textarea id=\"wpforms-2989-field_4\" class=\"wpforms-field-medium wpforms-field-required\" name=\"wpforms[fields][4]\" required><\/textarea><\/div><\/div><!-- .wpforms-field-container --><div class=\"wpforms-recaptcha-container wpforms-is-recaptcha wpforms-is-recaptcha-type-v2\" ><div class=\"g-recaptcha\" data-sitekey=\"6LeLId8rAAAAAGh4KgAl59nlyTxxe6ZCENM7-enx\"><\/div><input type=\"text\" name=\"g-recaptcha-hidden\" class=\"wpforms-recaptcha-hidden\" style=\"position:absolute!important;clip:rect(0,0,0,0)!important;height:1px!important;width:1px!important;border:0!important;overflow:hidden!important;padding:0!important;margin:0!important;\" data-rule-recaptcha=\"1\"><\/div><div class=\"wpforms-submit-container\" ><input type=\"hidden\" name=\"wpforms[id]\" value=\"2989\"><input type=\"hidden\" name=\"page_title\" value=\"\"><input type=\"hidden\" name=\"page_url\" value=\"http:\/\/lo3msz.czest.pl\/lo3_v6a\/index.php\/wp-json\/wp\/v2\/pages\/68\"><input type=\"hidden\" name=\"url_referer\" value=\"\"><button type=\"submit\" name=\"wpforms[submit]\" id=\"wpforms-submit-2989\" class=\"wpforms-submit\" data-alt-text=\"Wysy\u0142am\" data-submit-text=\"Wy\u015blij\" aria-live=\"assertive\" value=\"wpforms-submit\">Wy\u015blij<\/button><\/div><\/form><\/div>  <!-- .wpforms-container -->\r\n\r\n\r\n<!-- \/wp:paragraph -->\r\n\r\n<center><strong>INFORMACJE DOTYCZ\u0104CE PRZETWARZANIA DANYCH OSOBOWYCH<\/strong><\/center><br>\r\nRealizuj\u0105c obowi\u0105zek informacyjny w zwi\u0105zku z wymaganiami art. 13 Rozporz\u0105dzenia Parlamentu Europejskiego i Rady (UE) 2016\/679 z dnia 27 kwietnia 2016 r. w sprawie ochrony os\u00f3b fizycznych w zwi\u0105zku z przetwarzaniem danych osobowych i w sprawie swobodnego przep\u0142ywu takich danych oraz uchylenia dyrektywy 95\/46\/WE (og\u00f3lne rozporz\u0105dzenie \r\no ochronie danych) (Dz. Urz. UE L 119 z 04.05.2016, str. 1 z p\u00f3\u017an. zm.), w skr\u00f3cie RODO informujemy, \u017ce:<br><br>\r\n\r\n<center><strong>TO\u017bSAMO\u015a\u0106 ADMINISTRATORA<\/strong><\/center><br>\r\nAdministratorem danych osobowych jest  Zesp\u00f3\u0142 Szk\u00f3\u0142 im. dr W\u0142adys\u0142awa Biega\u0144skiego w Cz\u0119stochowie. <br><br>\r\n<center><strong><ul>DANE KONTAKTOWE ADMINISTRATORA<\/strong><\/center><br><br>\r\nZ administratorem danych mo\u017cna skontaktowa\u0107 si\u0119 w nast\u0119puj\u0105cy spos\u00f3b:<br>\r\n<li>listownie na adres siedziby administratora: ul. D\u0105browskiego 75, 42-218 Cz\u0119stochowa,<\/li>\r\n<li>telefonicznie pod numerem: 34 361 11 81,<\/li>\r\n<li>za po\u015brednictwem poczty elektronicznej: lo3@edukacja.czestochowa.pl,<\/li>\r\n<li>przez elektroniczn\u0105 skrytk\u0119 podawcz\u0105 ePUAP na adres skrytki: http:\/\/epuap.gov.pl\/wps\/portal\/strefa-klienta\/katalog-spraw\/profil-urzedu\/ZSBieganski.<\/li>\r\n<\/ul>\r\n<br><br>\r\n\r\n<center><strong>DANE KONTAKTOWE INSPEKTORA OCHRONY DANYCH<\/strong><\/center> <br>\r\nKontakt z Inspektorem Ochrony Danych mo\u017cliwy jest za po\u015brednictwem poczty elektronicznej: iod.bfo@edukacja.czestochowa.pl lub telefonicznie pod numerem 34 370 63 14.<br><br>\r\n<center><strong>CELE I PODSTAWA PRAWNA PRZETWARZANIA<\/strong><\/center><br>\r\nDane osobowe przetwarzane b\u0119d\u0105 w celu prowadzenia z Panem\/Pani\u0105 komunikacji za pomoc\u0105:\r\npoczty elektronicznej, formularza kontaktowego lub Elektronicznej Skrzynki Podawczej (ePUAP), je\u015bli zainicjuje Pan\/Pani tak\u0105 komunikacj\u0119. <br>\r\nPana\/Pani dane osobowe przetwarzane b\u0119d\u0105 zgodnie z art. 6 ust. 1 lit. c RODO i art. 6 ust. 1 lit. e RODO, w zwi\u0105zku z ustaw\u0105 z dnia 17 lutego 2005r. o informatyzacji dzia\u0142alno\u015bci podmiot\u00f3w realizuj\u0105cych zadania publiczne, rozporz\u0105dzeniem Rady Ministr\u00f3w z dnia 14 wrze\u015bnia 2011 r. w sprawie sporz\u0105dzania pism w formie dokument\u00f3w elektronicznych, dor\u0119czania dokument\u00f3w elektronicznych oraz udost\u0119pniania formularzy, wzor\u00f3w i kopii dokument\u00f3w elektronicznych oraz ustaw\u0105 z dnia 14 czerwca 1960 r. \u2013 Kodeks post\u0119powania administracyjnego.<br><br>\r\n\r\n<center><strong>ODBIORCY DANYCH<\/center><\/strong><br>\r\nOdbiorcami do kt\u00f3rych mog\u0105 by\u0107 przekazane Pana\/Pani dane osobowych b\u0119d\u0105 podmioty uprawnione do ich przetwarzania na podstawie przepis\u00f3w prawa. Odr\u0119bn\u0105 kategori\u0119 odbiorc\u00f3w, kt\u00f3rym mog\u0105 by\u0107 ujawnione Pana\/Pani dane s\u0105 podmioty uprawnione do obs\u0142ugi dor\u0119cze\u0144  oraz podmiot, z kt\u00f3rym administrator zawar\u0142 umow\u0119 na \u015bwiadczenie zwi\u0105zanych z u\u017cytkowanymi systemami informatycznymi.<br><br>\r\n<center><strong>OKRES PRZECHOWYWANIA DANYCH<\/center><\/strong><br>\r\nPana\/Pani dane b\u0119d\u0105 przetwarzane do momentu realizacji konkretnej sprawy, w kt\u00f3rej zosta\u0142y zebrane oraz do cel\u00f3w archiwalnych przez czas okre\u015blony w przepisach prawa, zgodnie z  Jednolitym Rzeczowym Wykazem Akt.<br> <br>\r\n<center><strong>PRAWA PODMIOT\u00d3W DANYCH<\/strong><\/center><br><br>\r\nNa zasadach okre\u015blonych przepisami RODO przys\u0142uguje Panu\/Pani prawo \u017c\u0105dania od Administratora:<br>\r\na.\tdost\u0119pu do swoich danych;<br>\r\nb.\tsprostowania (poprawiania) swoich danych osobowych;<br>\r\nc.\tograniczenia przetwarzania danych osobowych;<br>\r\nd.\tusuni\u0119cia danych osobowych;<br>\r\ne.\tsprzeciwu wobec przetwarzania danych.<br><br>\r\n<center><strong>PRAWO WNIESIENIA SKARGI DO ORGANU NADZORCZEGO<\/strong><\/center><br>\r\nGdy uzna Pan\/Pani, \u017ce przetwarzanie Pana\/Pani danych osobowych narusza przepisy o ochronie danych osobowych przys\u0142uguje Panu\/Pani prawo wniesienia skargi do organu nadzorczego, kt\u00f3rym jest Prezes Urz\u0119du Ochrony Danych Osobowych.<br><br>\r\n<center><strong>INFORMACJA O DOWOLNO\u015aCI LUB OBOWI\u0104ZKU PODANIA DANYCH<\/strong><\/center><br>\r\nPana\/Pani dane s\u0105 niezb\u0119dne, aby umo\u017cliwi\u0107 administratorowi prowadzenie komunikacji z Panem\/Pani\u0105. Niepodanie tych danych b\u0119dzie skutkowa\u0142o niemo\u017cliwo\u015bci\u0105 jej prowadzenia.<br><br>\r\n\r\n<center><strong>INFORMACJE O ZAUTOMATYZOWANYM PODEJMOWANIU DECYCJI, W TYM O PROFILOWANIU<\/strong><\/center><br>\r\nPana\/Pani dane osobowe nie b\u0119d\u0105 przetwarzane w spos\u00f3b zautomatyzowany i nie b\u0119d\u0105 profilowane.<br><br>\r\n\r\n<center><strong>POLITYKA PRYWATNO\u015aCI<\/strong><\/center><br> \r\nZasady dotycz\u0105ce przetwarzania danych w serwisach WWW Zespo\u0142u Szk\u00f3\u0142 im. dr W\u0142adys\u0142awa Biega\u0144skiego w Cz\u0119stochowie zosta\u0142y okre\u015blone w <a href=\"http:\/\/lo3msz.czest.pl\/lo3_v6a\/index.php\/politykaprywatnosci\/\" rel=\"noopener\" target=\"_blank\">Polityce prywatno\u015bci<\/a>\r\n","protected":false},"excerpt":{"rendered":"<p>Zesp\u00f3\u0142 Szk\u00f3\u0142 im. dra W. Biega\u0144skiego ul. D\u0105browskiego 75 42-218 Cz\u0119stochowa tel. 34 361-11-81 (sekretariat), tel.\/fax. 361-54-05 (ksi\u0119gowo\u015b\u0107) email:\u00a0lo3@edukacja.czestochowa.pl &nbsp; Rada Rodzic\u00f3w przy Zespole Szk\u00f3\u0142 im. dra W\u0142. Biega\u0144skiego w Cz\u0119stochowie Bank Ochrony \u015arodowiska SA 85154010142101914095330001 &nbsp; Wy\u015blij do nas wiadomo\u015b\u0107 INFORMACJE DOTYCZ\u0104CE PRZETWARZANIA DANYCH OSOBOWYCH Realizuj\u0105c obowi\u0105zek informacyjny w zwi\u0105zku z wymaganiami art. 13 [&hellip;]<\/p>\n","protected":false},"author":1,"featured_media":0,"parent":0,"menu_order":0,"comment_status":"closed","ping_status":"closed","template":"","meta":{"footnotes":"","_links_to":"","_links_to_target":""},"_links":{"self":[{"href":"http:\/\/lo3msz.czest.pl\/lo3_v6a\/index.php\/wp-json\/wp\/v2\/pages\/68"}],"collection":[{"href":"http:\/\/lo3msz.czest.pl\/lo3_v6a\/index.php\/wp-json\/wp\/v2\/pages"}],"about":[{"href":"http:\/\/lo3msz.czest.pl\/lo3_v6a\/index.php\/wp-json\/wp\/v2\/types\/page"}],"author":[{"embeddable":true,"href":"http:\/\/lo3msz.czest.pl\/lo3_v6a\/index.php\/wp-json\/wp\/v2\/users\/1"}],"replies":[{"embeddable":true,"href":"http:\/\/lo3msz.czest.pl\/lo3_v6a\/index.php\/wp-json\/wp\/v2\/comments?post=68"}],"version-history":[{"count":18,"href":"http:\/\/lo3msz.czest.pl\/lo3_v6a\/index.php\/wp-json\/wp\/v2\/pages\/68\/revisions"}],"predecessor-version":[{"id":6924,"href":"http:\/\/lo3msz.czest.pl\/lo3_v6a\/index.php\/wp-json\/wp\/v2\/pages\/68\/revisions\/6924"}],"wp:attachment":[{"href":"http:\/\/lo3msz.czest.pl\/lo3_v6a\/index.php\/wp-json\/wp\/v2\/media?parent=68"}],"curies":[{"name":"wp","href":"https:\/\/api.w.org\/{rel}","templated":true}]}}